{"id":5200,"date":"2023-03-28T16:44:26","date_gmt":"2023-03-28T14:44:26","guid":{"rendered":"https:\/\/www.disfrutabizkaia.com\/blog\/wp-content\/uploads\/2023\/03\/ferreria-el-pobal-demostracion-ferrona-sabados-y-viernes-santo-7-abril-2023.jpg"},"modified":"2023-03-28T16:44:26","modified_gmt":"2023-03-28T14:44:26","slug":"ferreria-el-pobal-demostracion-ferrona-sabados-y-viernes-santo-7-abril-2023","status":"inherit","type":"attachment","link":"https:\/\/www.disfrutabizkaia.com\/blog\/ferreria-el-pobal-demostracion-ferrona-sabados-y-viernes-santo-7-abril-2023\/","title":{"rendered":"ferrer\u00eda-el-pobal-demostraci\u00f3n-ferrona-s\u00e1bados-y-viernes-santo-7-abril-2023"},"author":2,"featured_media":0,"comment_status":"open","ping_status":"closed","template":"","meta":{"_acf_changed":false},"class_list":["post-5200","attachment","type-attachment","status-inherit","hentry"],"acf":[],"description":{"rendered":"<p class=\"attachment\"><a href='https:\/\/www.disfrutabizkaia.com\/blog\/wp-content\/uploads\/2023\/03\/ferreria-el-pobal-demostracion-ferrona-sabados-y-viernes-santo-7-abril-2023.jpg'><img loading=\"lazy\" decoding=\"async\" width=\"300\" height=\"200\" src=\"https:\/\/www.disfrutabizkaia.com\/blog\/wp-content\/uploads\/2023\/03\/ferreria-el-pobal-demostracion-ferrona-sabados-y-viernes-santo-7-abril-2023-300x200.jpg\" class=\"attachment-medium size-medium\" alt=\"\" srcset=\"https:\/\/www.disfrutabizkaia.com\/blog\/wp-content\/uploads\/2023\/03\/ferreria-el-pobal-demostracion-ferrona-sabados-y-viernes-santo-7-abril-2023-300x200.jpg 300w, https:\/\/www.disfrutabizkaia.com\/blog\/wp-content\/uploads\/2023\/03\/ferreria-el-pobal-demostracion-ferrona-sabados-y-viernes-santo-7-abril-2023-372x248.jpg 372w, https:\/\/www.disfrutabizkaia.com\/blog\/wp-content\/uploads\/2023\/03\/ferreria-el-pobal-demostracion-ferrona-sabados-y-viernes-santo-7-abril-2023-768x512.jpg 768w, https:\/\/www.disfrutabizkaia.com\/blog\/wp-content\/uploads\/2023\/03\/ferreria-el-pobal-demostracion-ferrona-sabados-y-viernes-santo-7-abril-2023-600x400.jpg 600w, https:\/\/www.disfrutabizkaia.com\/blog\/wp-content\/uploads\/2023\/03\/ferreria-el-pobal-demostracion-ferrona-sabados-y-viernes-santo-7-abril-2023-945x630.jpg 945w, https:\/\/www.disfrutabizkaia.com\/blog\/wp-content\/uploads\/2023\/03\/ferreria-el-pobal-demostracion-ferrona-sabados-y-viernes-santo-7-abril-2023.jpg 1024w\" sizes=\"auto, (max-width: 300px) 100vw, 300px\" \/><\/a><\/p>\n"},"caption":{"rendered":""},"alt_text":"","media_type":"image","mime_type":"image\/jpeg","media_details":{"width":1024,"height":683,"file":"2023\/03\/ferreria-el-pobal-demostracion-ferrona-sabados-y-viernes-santo-7-abril-2023.jpg","filesize":902548,"sizes":{"medium":{"file":"ferreria-el-pobal-demostracion-ferrona-sabados-y-viernes-santo-7-abril-2023-300x200.jpg","width":300,"height":200,"filesize":62017,"mime_type":"image\/jpeg","source_url":"https:\/\/www.disfrutabizkaia.com\/blog\/wp-content\/uploads\/2023\/03\/ferreria-el-pobal-demostracion-ferrona-sabados-y-viernes-santo-7-abril-2023-300x200.jpg"},"thumbnail":{"file":"ferreria-el-pobal-demostracion-ferrona-sabados-y-viernes-santo-7-abril-2023-372x248.jpg","width":372,"height":248,"filesize":73407,"mime_type":"image\/jpeg","source_url":"https:\/\/www.disfrutabizkaia.com\/blog\/wp-content\/uploads\/2023\/03\/ferreria-el-pobal-demostracion-ferrona-sabados-y-viernes-santo-7-abril-2023-372x248.jpg"},"medium_large":{"file":"ferreria-el-pobal-demostracion-ferrona-sabados-y-viernes-santo-7-abril-2023-768x512.jpg","width":768,"height":512,"filesize":171949,"mime_type":"image\/jpeg","source_url":"https:\/\/www.disfrutabizkaia.com\/blog\/wp-content\/uploads\/2023\/03\/ferreria-el-pobal-demostracion-ferrona-sabados-y-viernes-santo-7-abril-2023-768x512.jpg"},"post-thumbnail":{"file":"ferreria-el-pobal-demostracion-ferrona-sabados-y-viernes-santo-7-abril-2023-600x400.jpg","width":600,"height":400,"filesize":123045,"mime_type":"image\/jpeg","source_url":"https:\/\/www.disfrutabizkaia.com\/blog\/wp-content\/uploads\/2023\/03\/ferreria-el-pobal-demostracion-ferrona-sabados-y-viernes-santo-7-abril-2023-600x400.jpg"},"post-image":{"file":"ferreria-el-pobal-demostracion-ferrona-sabados-y-viernes-santo-7-abril-2023-945x630.jpg","width":945,"height":630,"filesize":233935,"mime_type":"image\/jpeg","source_url":"https:\/\/www.disfrutabizkaia.com\/blog\/wp-content\/uploads\/2023\/03\/ferreria-el-pobal-demostracion-ferrona-sabados-y-viernes-santo-7-abril-2023-945x630.jpg"},"full":{"file":"ferreria-el-pobal-demostracion-ferrona-sabados-y-viernes-santo-7-abril-2023.jpg","width":1024,"height":683,"mime_type":"image\/jpeg","source_url":"https:\/\/www.disfrutabizkaia.com\/blog\/wp-content\/uploads\/2023\/03\/ferreria-el-pobal-demostracion-ferrona-sabados-y-viernes-santo-7-abril-2023.jpg"}},"image_meta":{"aperture":"2.8","credit":"","camera":"Canon EOS 5D Mark III","caption":"","created_timestamp":"1653222353","copyright":"","focal_length":"25","iso":"1250","shutter_speed":"0.04","title":"","orientation":"0","keywords":[]}},"post":null,"source_url":"https:\/\/www.disfrutabizkaia.com\/blog\/wp-content\/uploads\/2023\/03\/ferreria-el-pobal-demostracion-ferrona-sabados-y-viernes-santo-7-abril-2023.jpg","_links":{"self":[{"href":"https:\/\/www.disfrutabizkaia.com\/blog\/wp-json\/wp\/v2\/media\/5200","targetHints":{"allow":["GET"]}}],"collection":[{"href":"https:\/\/www.disfrutabizkaia.com\/blog\/wp-json\/wp\/v2\/media"}],"about":[{"href":"https:\/\/www.disfrutabizkaia.com\/blog\/wp-json\/wp\/v2\/types\/attachment"}],"author":[{"embeddable":true,"href":"https:\/\/www.disfrutabizkaia.com\/blog\/wp-json\/wp\/v2\/users\/2"}],"replies":[{"embeddable":true,"href":"https:\/\/www.disfrutabizkaia.com\/blog\/wp-json\/wp\/v2\/comments?post=5200"}]}}

ferrería-el-pobal-demostración-ferrona-sábados-y-viernes-santo-7-abril-2023
